21
10 + (3 - 0 - (-4 + 14))
3
Calculate -4 + (13 + -3 - 10) + -3 + 24.
17
Calculate 1 + -7 + 2 + 2 - -16.
14
Calculate 10 + -12 - (-8 + 2 + -12 + 3).
13
What is 149 + -171 - (6 - 3)?
-25
-2 + (-27 - (0 - 10)) + 10
-9
Evaluate (-18 - -1) + -4 - -10 - 8.
-19
What is -279 + 283 + (-1 - 13 - (9 + -7))?
-12
Evaluate 10 + -4 - (0 - 33 - (-40 + 32)).
31
Evaluate (5 - 2) + -101 + 108 + 23.
33
-37 + 2 + 7 + -47 + 52
-23
-15 + -37 + 40 + 3 + -5
-14
31 - (10 + -2 + (-19 + 5 - -13))
24
Evaluate (10 - 6) + -16 + 14 + -8.
-6
What is -10 - ((-9 - -17) + -3 + -9)?
-6
Calculate (15 - 49) + (4 - (-4 + (-2 - -4))).
-28
What is the value of 4 - (-1 + 2 + 0 + 265 + -253)?
-9
(0 + -1 - (-6 - -2)) + 5 + -6
2
What is the value of 507 - 494 - (2 - -1)?
10
Calculate (12 + -12 - (0 - 8)) + -262 + 280.
26
What is the value of -24 + 16 + 4 + 14?
10
Evaluate (-20 - -3 - -29 - 8) + -1 + -23.
-20
What is the value of 3 - ((-3 - 22) + 14)?
14
What is -58 + 56 + (-2 + (0 - -1) - -4)?
1
What is the value of -44 + 43 - (-1 - 4) - 0?
4
9 + (-53 - (-57 + 25))
-12
What is the value of 5 - ((3 - 3) + -7)?
12
What is the value of 0 + (-14 - -36) - 10?
12
What is (-570 - -573) + (1 - -16)?
20
Calculate (-12 - 2) + 2 + -1.
-13
Evaluate 3 + 6 + -3 + 2 + 4 + 0.
12
Evaluate (-23 - (5 + -7)) + 4.
-17
Calculate -5 - (-12 - (-13 + -7 - 11)).
-24
What is the value of (0 - 5 - (-70 - -73)) + -14 + 7?
-15
Evaluate 22 + 0 + (10 - 1 - (-209 - -218)).
22
Evaluate -33 - (1 - -1 - -1 - (-364 - -369)).
-31
Calculate 43 - 4 - (-286 + 295).
30
(13 - -8) + -4 + -27
-10
Calculate (-11 - 6) + 26 - 2 - -7.
14
Evaluate 14 - (12 + -12 - -13).
1
What is the value of -9 - (15 - (10 + (9 - 10)))?
-15
What is (-4 - -14) + -2 + -13?
-5
What is the value of -2 + 10 + -5 + -1?
2
Calculate (20 + -28 - -9) + 0 + -7.
-6
(10 - 14) + 21 - -4
21
Calculate (0 - -4) + 30 + -40 - (14 + -22).
2
What is -6 + 12 + (0 - 6) - (4 + -1)?
-3
Calculate (1 - (-7 + 21)) + 21.
8
Calculate (-2120 - -2132) + (1 - 0) + 12.
25
What is (596 - 605) + (1 - 2)?
-10
Calculate -111 + 124 - (23 - -5 - 5).
-10
What is the value of (-12 - (-6 - 17) - (2 + 3)) + 4?
10
Evaluate 11 + 1 + -28 + (36 - 13).
7
What is the value of (15 - -4 - 2) + -39 - (1 - 2)?
-21
Evaluate 5 + (-2 - (5 + -3)) + (-4 - -16).
13
What is the value of 22 + (13 - (28 - 1)) - (1 + -6)?
13
Evaluate -10 + 7 + (-8 - -18).
7
Evaluate -3 + -9 + -5 + -2 + 7.
-12
What is -5 - (-10 - (-1 + 5 + -9))?
0
What is the value of -9 - (4 - (12 + -10))?
-11
Calculate -5 - (11 - 12) - (1 - (8 - 3)).
0
4 + (4 - 9) + -1
-2
What is 5 - -6 - (-13 - (-22 + 3))?
5
27 - 21 - 24 - (0 - 6)
-12
-7 - -7 - (-4 - (-3 + 14))
15
What is -6 + -3 - (-9 + -8 + 4 + -15)?
19
What is (4 - 26 - 2) + (-19 - -3) + 25?
-15
-17 + -28 + 21 + (0 - -14)
-10
((-2 - -2) + 8 - (1 + -1)) + 13
21
12 + 1 + (-6 - (0 - 0)) + 4
11
What is the value of -4 + (-10 - -13) - -12?
11
Calculate -7 + (12 - (-21 + 22)).
4
63 + -72 + (-7 + 17 - 3)
-2
Calculate (-16 - -17 - 6) + 2 + -1.
-4
Evaluate (-6 - (-14 + 8 - 5)) + (-11 - -1).
-5
What is (-6 - (2 - 1)) + (-91 - -88)?
-10
1 + 0 - 1 - (-23 + 22 - 9)
10
Evaluate 2 + 0 - (4 + 1) - (293 + -308).
12
What is the value of 137 - 101 - (0 - -13)?
23
What is the value of -59 + 69 - (-9 + (-1 - -4))?
16
-7 - (8 - (-2 - -8)) - -9
0
Evaluate (-2 - (2 - (-2 + -2))) + -15.
-23
Calculate 2 - ((5 - 23 - -12) + 4 - 32).
36
1 - 15 - (1 + -11 - (514 + -528))
-18
(5 - 2) + 3 - (6 + (0 - 12))
12
What is the value of (-5 - -18) + 3 - (11 + -7)?
12
Calculate -39 - -30 - (6 - 24 - (-2 - 0)).
7
2 - 15 - (-24 + 28 + -18)
1
Evaluate -45 + (14 - 0 - (306 + -310)).
-27
What is 0 + 41 + (114 - 148)?
7
Evaluate -18 + 16 - 35 - -48.
11
Calculate 16 + -23 + 24 - (54 + -3).
-34
Calculate -3 + 3 + (2 + 12 - 2).
12
(-76 - -81) + (1 - 4) + (8 - -8)
18
What is -33 + 7 + 41 + -42?
-27
Evaluate -4 - (-4 - -7 - 1) - (-11 + 9).
-4
Calculate 4 - (-7 - -7 - -8 - 9 - 2).
7
Evaluate 9 + (46 - 54) + 1 + (-2 - 1).
-1
Evaluate ((7 - -2 - -2) + -3 - -1) + -8.
1
33 + -18 + -49 + 22
-12
Calculate -5 + 4 + -5 - (-1 + 2 + -4).
-3
What is -5 + 5 + -10 + -5?
-15
Calculate (-50 - -45 - 15) + (1 - 14) + 2.
-31
Evaluate 8 - (10 + -16 + 6 - (3 - 11)).
0
What is -5 + 5 + (-22 - -15) + 8 + 2?
3
Calculate -6 + -1 - (47 - -2 - 60).
4
What is the value of (12 - (35 - -20)) + 19 + 20?
-4
(-11 + -5 - -1) + -2
-17
2 + (8 - (7 + -7 + 3))
7
What is -19 + (15 - 4) + 1 + -12?
-19
What is the value of 678 + -671 - (11 + (3 - 1))?
-6
Calculate (6 - 28) + 9 - (-1 + -1).
-11
What is (2 - (-2 - -6)) + 3 + 11 + -3?
9
What is (3 - -11) + (-18 - -6) - (-1 + -19)?
22
3 + 23 - (114 + -57)
-31
Evaluate 4 + -4 + 11 + (16 + -40 - 9).
-22
Calculate -7 - (19 + (6 - 15)).
-17
-22 - (-14 + 9 + -6) - -14
3
What is the value of -8 + (-8 + 5 + -1 - -3)?
-9
Calculate (65 - 60 - (-5 - -3)) + -5.
2
Calculate -21 - (17 + 6 - 19).
-25
(9 - -31) + (-17 - 12)
11
What is the value of 18 + -14 + 10 - 10?
4
What is the value of -38 + (-15 - 0) + 18 + 12?
-23
What is the value of -4 + 11 - (-1 + -7 - -19)?
-4
What is (-12 - -3) + 11 - (8 - 6)?
0
7 + 0 - (-359 + 389)
-23
(-5 - -10) + -4 + 3 + -4 + -7
-7
What is (-15 - 0) + (8 - 10) + 4?
-13
16 - (-2 + (6 - (7 + -8 + 6)))
17
What is the value of (1182 - 1194) + (1 + 0 + 2 - -2)?
-7
What is -2 - (-6 - -4) - -1 - 7?
-6
What is -7 + -9 + 12 - 1?
-5
15 + 41 + -100 + 38
-6
Evaluate -9 + 4 + -11 - (5 + -7).
-14
5 - 0 - (42 - (-6 - -52))
9
What is the value of -20 - (-9 - -6) - -3?
-14
0 + (3 - -1) + 4 + -2
6
What is the value of -8 - ((-11 - -10) + -1)?
-6
What is the value of 1 + (-20 - (1 - -3 - 9))?
-14
Evaluate -16 + (18 - 27) - (-4 - 2).
-19
What is the value of -126 + 105 + 0 + 9 - (-1 - 0)?
-11
Evaluate -24 - (1 + 16 + -20 + 0 + -7).
-14
Evaluate (33 - 41 - (-4 - 8)) + -2.
2
Calculate (40 + -38 - (-11 - -1)) + -2.
10
What is the value of 17 - (1 + 6 + (-7 - (-6 - -3)))?
14
Evaluate (24 - 9) + (-10 - -26) + -7.
24
4 - (-12 + (4 - -13) - (-1 - -6))
4
What is (0 - (2 - 1 - -4)) + -10 + 10?
-5
Evaluate (-7 - -14) + -6 - -3 - -12.
16
What is -10 + (7 - 8) + (-8 - -24 - -8)?
13
Calculate 5 + (7 + -1 + -2 - 17).
-8
What is 8 - (0 + 12 + (-32 - -12))?
16
(-1 - (-1 + 2)) + 6 + (-51 - -29)
-18
Calculate 4 + -6 + -48 + 41.
-9
Calculate -2 - (9 + -13 + 5 + 14).
-17
What is the value of (22 - 35 - (4 - 1)) + (10 - 5)?
-11
What is 11 + -17 - 3 - -19?
10
What is 5 - (-1 - ((1 - 2) + -4 + -1))?
0
Calculate 4 + 11 - 38 - -35.
12
(11 - 20 - -16) + -34
-27
Evaluate -74 + (17 - (-23 + 1)).
-35
What is -17 - (-10 + -7 + 10) - -23?
13
Evaluate 1644 + -1640 - (0 + -1 + 1) - -16.
20
Evaluate -5 - 6 - (-21 - -20).
-10
What is the value of 0 + -8 + (15 - (6 + -4) - -11)?
16
What is the value of -11 - ((9 - (5 - -5)) + 1 + -4)?
-7
What is (-1 - -3) + -823 + 801?
-20
What is the value of 17 + (37 - 34) - 6?
14
Calculate 1 - 8 - (-307 + 314).
-14
What is the value of 2 + (9 - 14) + -4 + -1?
-8
What is the value of 14 - (-10 + (-2 - -17) - -1)?
8
What is the value of -19 + 7 + 1 + 29 - -3?
21
What is the value of -22 + 4 + 9 - (-16 + 4)?
3
19 - 17 - (16 + -5)
-9
Evaluate -1 - (13 + -5 + (1 - -1)).
-11
What is 25 - (-21 - (-22 + -11))?
13
What is the value of -3 + 23 + -16 + -10 - (0 + 20)?
-26
(21 - 4) + (-13 - -3)
7
What is the value of -4 + -23 + (-6 - -27)?
-6
-250 + 261 + (0 - (-1 - -15))
-3
What is 13 - -1 - (300 + -291)?
5
Calculate (-73 - -74) + -2 + 1 - -17.
17
(-18 - (-41 - -26)) + -5
-8
6 - (-1 + 3 + (-32 - -21 - -14))
1
Calculate 3 + (-15 + (3 - -14) - -20).
25
What is (15 - (8 + -1)) + -16 - -3 - -11?
6
1 - (5 + -1) - (-9 + -6 + 0)
12
Calculate 7 + -3 + 163 + -184.
-17
What is the value of 9 - (-23 + 23) - (-2 + (-1 - -1))?
11
Evaluate -7 - (0 + 8 + 17 + -19) - -4.
-9
Evaluate 4 + 1 - (3 + (11 - 8) + -5).
4
Calculate -3 - -2 - -33 - (1036 - 1033).
29
Evaluate (-4 + 2 - 6) + 0.
-8
What is -8 + 7 + 17 + -2 - 2?
12
What is 4 + 3 + 0 - (26 + -14 + -21)?
16
What is the value of -12 + 6 + -5 + (-1 - -2)?
-10
24 - (13 - (26 + -2))
35
What is the value of (24 - (-10 - -2)) + -6 + 5 + -7?
24
What is the value of -11 + -10 + 3 + -16 + 39?
5
Calculate -8 + 5 + 14 - -5 - 8 - 27.
-19
-7 + (4 + (-1 - (-2 + 0)) - 8)
-10
What is the value of 6 + 1 - ((-37 - -13) + 12)?
19
22 - (36 + (25 - 38))
-1
Evaluate (3 - 9) + (-4 - -3 - -11).
4
What is -12 + (48 + -37 + (5 - 1) - 